 Let o = -54 - c. What is the greatest common factor of o and k?
12
Let d(b) = 0*b**3 - 4*b - 4*b**2 + b**3 + 0*b. Let k be d(5). Suppose a = -n - a - k, -7 = -4*n + a. Calculate the highest common factor of n and 5.
1
Suppose q + c = -2*q + 32, 0 = -q - 5*c + 20. Let t(w) = -w**3 - 8*w**2 - 7*w + 4. Let l be t(-7). What is the highest common factor of l and q?
2
Let z = 13 + 108. Let q be 3 - (3 - (1 - -1)). Let c be q/(((-6)/(-33))/1). What is the highest common divisor of z and c?
11
Let n be 12/(-8)*(-2)/(-3). Let u be 15 + 2 + (0 - n). Suppose -4*o + 982 = 5*s, -2*s + s + 206 = -4*o. What is the highest common divisor of s and u?
18
Suppose -3*f = -331 + 115. Let o = 18 - 9. Calculate the highest common divisor of o and f.
9
Let w be 455/14 - (-2)/(-4). What is the highest common factor of w and 4?
4
Suppose -2*u = -1 - 3. Suppose r + 3*q = -3*r + 575, 0 = 2*q - u. Let d(m) = m + 6. Let p be d(7). What is the greatest common divisor of p and r?
13
Suppose -5*k = -0*k - 1880. What is the highest common factor of 47 and k?
47
Let a = -2 + 7. Let z be (-114)/15*a/(-2). What is the highest common divisor of z and 171?
19
Suppose -4*g = 5*q - 9, 0 = -3*g + 4 - 1. What is the greatest common factor of q and 11?
1
Let m = 268 + -142. What is the greatest common divisor of m and 18?
18
Let k(c) = c**3 - 9*c**2 - 7*c - 4. Let f be k(10). Calculate the greatest common factor of 26 and f.
26
Suppose -2*m + n + 244 = 0, -6 = -4*n - 14. What is the highest common divisor of m and 22?
11
Let n(o) = o + 35. Let h be n(0). Suppose 5*m - 2*l = 25, -2*m + m - l = -5. Calculate the highest common divisor of m and h.
5
Suppose v = 6*v - 30. Suppose l = -0 + v. Let k be (32/l)/((-3)/(-9)). What is the highest common divisor of k and 24?
8
Let i be (-14)/(2/(-36)*2). Let c be i/30 + 1/(-5). What is the highest common factor of 4 and c?
4
Suppose 5*t + 5*p = 45, -5*t - p + 5*p + 90 = 0. Suppose -26 + 138 = m. What is the highest common divisor of t and m?
14
Let l(c) = -c**2 + 17*c - 14. Let y be l(16). Calculate the highest common divisor of 8 and y.
2
Suppose h + 83 - 30 = 3*m, 4*m - 4*h - 68 = 0. Calculate the greatest common divisor of 63 and m.
9
Let v be 732/8 - 0 - 2/4. Calculate the highest common divisor of 21 and v.
7
Let w = 33 - 17. Let p be (w/(-3))/(3/(-9)). What is the highest common divisor of p and 128?
16
Suppose -3*h = -2*h + 1. Let o(k) = 21*k**2 + k + 1. Let m be o(h). Calculate the highest common divisor of 105 and m.
21
Suppose 0 = -5*y + 3*c + 34, -15 = -c + 6*c. Suppose 0 = -4*g - 5*f + 63, -32 = -g - y*f - 5. What is the greatest common factor of 3 and g?
3
Let a be 12/(-54) + 1948/18. Let o = 37 - 25. What is the greatest common divisor of o and a?
12
Suppose 5*b - 2*j + 225 - 728 = 0, -4*b + 392 = j. What is the greatest common divisor of 66 and b?
33
Suppose -5*w + 130 = 2*u, -32 = -2*w - u + 21. Calculate the highest common divisor of w and 96.
24
Suppose -8*n - 17 = -57. Let m be ((-5)/2)/((-2)/12). What is the greatest common factor of m and n?
5
Let v(s) = -s**2 + 5*s + 7. Let m be v(6). Let r be 13 - (2/m)/(-2). What is the highest common divisor of r and 7?
7
Suppose 5*h + 5*u = 0, -3*h + 2*u = -2*u. Suppose h*m = m - 147. Suppose -o - m = -4*o. What is the highest common factor of o and 7?
7
Let c(k) = 3*k**2 + 4 - k - 2*k + 1 - 2*k**2. Let p be c(5). What is the greatest common factor of p and 15?
15
Let d be (-1650)/(-105) + (-4)/(-14). Let i(b) = -b**3 - b**2 - b + 4. Let c be i(0). Calculate the highest common factor of c and d.
4
Let f = -11 + 24. Calculate the highest common factor of f and 65.
13
Suppose 4*g - 5 = 2*f + 5, -2*g - 2*f + 2 = 0. Suppose 5*c + 2 = 3*o - g, -4*o = -3*c - 9. What is the greatest common factor of 10 and c?
1
Suppose d - 2*d = -5*m - 14, 0 = -2*d - 4*m - 14. Let j be 4/(1 - d/(-3)). What is the greatest common divisor of j and 12?
6
Let b be (-4)/6 - (-1862)/21. What is the highest common factor of 11 and b?
11
Suppose 0 = 5*w - 2*d - 5, 4*d - 6*d = -10. Let y = 12 + w. What is the greatest common divisor of y and 105?
15
Let d = 3 - 0. Suppose -d + 9 = 3*g. Let f be 47/g + 6/12. What is the highest common factor of f and 12?
12
Let t = -57 + 95. What is the greatest common divisor of t and 57?
19
Let x be 6 + (-2)/10 + 1/5. Let b be 1 + 3 + (-1)/1. What is the greatest common factor of x and b?
3
Let h = -21 + 15. Let s = 11 + h. What is the highest common factor of 1 and s?
1
Let l(z) be the first derivative of z**2/2 - 3*z - 2. Let k be l(5). Calculate the highest common factor of k and 18.
2
Suppose 0*s + 14 = 2*s. Let p(o) = 2*o**3 - 3*o**2 + 2*o - 1. Let d be p(2). What is the highest common factor of s and d?
7
Suppose 3*j + 5*j - 168 = 0. Calculate the highest common factor of j and 42.
21
Let k = -3 + -11. Let q = k + 25. Calculate the highest common divisor of q and 44.
11
Let w = -1 - -12. Let i = w + -5. Let s = -25 - -43. Calculate the greatest common factor of i and s.
6
Let a = -1 - -3. Suppose -2*c + 4*p = a, 4*c - 2*p + 13 = 3*p. Let w = c + 13. Calculate the highest common divisor of w and 2.
2
Suppose 2*a = -4*p - 23 + 105, -5*p = 3*a - 102. Calculate the greatest common factor of 231 and p.
21
Let q be 208/(-28)*(3 + (-13)/2). What is the greatest common divisor of q and 2?
2
Let v be -3*1/(-3) - -192. Suppose 5*f - 232 = v. Let w = -64 - -98. What is the highest common divisor of f and w?
17
Suppose 4*o - 8*o + 104 = 0. Suppose o + 134 = -2*i. Let w be (16/10)/((-4)/i). Calculate the greatest common factor of w and 48.
16
Let q = -350 - -370. Let g be 4 + (2 - (-1)/(-1)). Calculate the greatest common factor of q and g.
5
Suppose -n + 0*n = 2. Let w(p) = p**2 + 2*p + 3. Let r be w(n). Let i be 0 + (-10)/(-3)*r. Calculate the highest common divisor of i and 50.
10
Let b be 2/8 + (-2367)/(-36). Suppose 326 = 4*v + b. What is the highest common divisor of v and 26?
13
Suppose 657 = 4*t + l, 4*t - 5*l = 237 + 438. What is the greatest common factor of t and 30?
15
Suppose d + 0*d - 45 = -3*j, 2*d = 3*j - 45. Let a(t) = -33*t. Let v be a(-5). What is the highest common divisor of j and v?
15
Suppose -j + f = 10, -j - 6 = 2*j + 3*f. Let x(g) = 8 + 0*g**2 + 4*g - g**2 + 3*g**2. Let l be x(j). What is the highest common factor of l and 8?
8
Suppose 0 = -4*d + 2*d - 4. Let m = d + 1. Let k be 51 + m + 0 + 0. Calculate the greatest common factor of k and 20.
10
Suppose 3*o = -0*o + 15. Suppose -2*g + 25 = -g + o*d, -10 = -g - 2*d. Suppose 3*k - 105 = -g*k. What is the greatest common divisor of k and 14?
7
Let m = -9 - -11. Let l = 3 + m. What is the highest common factor of 40 and l?
5
Suppose -4*n + 1 = -47. Let q = 1721 + -428. Let p be (-2)/(-8) + q/12. What is the greatest common divisor of p and n?
12
Let a(n) = 7*n**2 - 40*n + 6. Let s be a(6). What is the greatest common divisor of 6 and s?
6
Suppose b - 2*b = -90. Let w = -39 + 49. Calculate the greatest common divisor of b and w.
10
Suppose -2*f - 2*f - 52 = 0. Let l = f - -15. What is the greatest common factor of 2 and l?
2
Let m = -2 - -19. Suppose 0 = -3*a - 4*z + 16, 4*a - z = 3*a - 4. Let t be -4*(1*-34 + a). Calculate the greatest common factor of m and t.
17
Let y be 4/(-18) + (-119)/(-9). Let n = 871 - 416. Suppose -3*h = 2*h - n. Calculate the greatest common divisor of h and y.
13
Let t be ((-32)/(-6))/((-2)/(-6)). Suppose -2 - t = -m. What is the highest common divisor of m and 36?
18
Let a = -26 + 77. Let v(k) = k**2 - 4*k - 4. Let j be 7*-1 - -2 - -2. Let f be v(j). What is the greatest common factor of a and f?
17
Let p = -22 + 46. What is the greatest common factor of 216 and p?
24
Let l be 18*((-10)/(-6) - 0). Suppose -l = -n + 75. Let f be (n/9)/(1/3). Calculate the greatest common factor of f and 7.
7
Let s(o) = o**3 - 6*o**2 + 4*o + 3. Let p be s(5). Let i = p - -19. Let u be 1*(0 + 2) + 15. Calculate the greatest common divisor of u and i.
17
Suppose -n = 12*n - 312. Calculate the greatest common divisor of n and 312.
24
Let b be (-31)/(-1) + -4*(-1)/4. What is the highest common divisor of b and 16?
16
Let x(d) = 2*d**2 - d - 10. Let k be x(4). Calculate the highest common factor of k and 54.
18
Let p be 0/(-1) + 10/2. Let w(z) = -14*z + 12. Let q be w(-6). Let j = q - 41. What is the highest com